+ 16. Suppose 0 = w + z + 4. Let q(i) = -i**3 - 4*i**2 + 4*i - 7. Determine q(w).
-2
Suppose 4*m + 4 = -t, 3 - 7 = m. Let s be t/(-3)*2*1. Let q(l) = -l**3 - 8*l**2 - 2*l - 11. Determine q(s).
5
Let j(d) = 3 - 10*d + d**2 + 8*d + 5*d. Let n(i) = -i**3 - 9*i**2 + 9*i - 3. Let f be n(-10). Suppose -3*p - f = -m + 2*m, -p + 4*m = 24. What is j(p)?
7
Let s be (12/10)/((-9)/(-30)). Suppose -s*l = -1 - 3. Let r(h) be the second derivative of h**4/2 - h**3/6 + h**2/2 - 247*h. Give r(l).
6
Let d(v) = v**2 - v. Let h(b) = -7*b**2 + 11*b + 12. Let c(o) = -6*d(o) - h(o). Give c(6).
-6
Let t(j) = j**3 + 7*j**2 - j + 2. Let w(v) = -v**2 + v - 1. Let o(k) = -t(k) - 2*w(k). Suppose a + c = -1, 5*a - 12*c = -8*c - 41. Calculate o(a).
5
Let x = 1078 - 1089. Let d(y) = -y**2 - 10*y + 9. Give d(x).
-2
Suppose 5*g = g + v - 41, -2*v = 5*g + 35. Let b(q) = q**3 + q - 5. Let u(y) = 3*y**3 + 9*y**2 + y - 16. Let a(w) = -2*b(w) + u(w). Calculate a(g).
3
Let r(n) = 2*n - 53. Let h(m) = -3*m + 98. Let b(o) = 6*h(o) + 11*r(o). Calculate b(3).
17
Let h(l) = -l**3 - l**2 - l. Let a(g) = 4*g + 3 + 1 - 4 - 2 - 2*g**2. Let c be a(2). What is h(c)?
6
Let f(m) = -2*m. Let r = -6 + 8. Suppose -t - k + r = 2*k, -t = -3*k - 8. Determine f(t).
-10
Let x(h) = h**2 - 8*h + 4. Let y be x(8). Suppose y*v = -12 - 4. Let d(r) be the first derivative of -r**3/3 - 3*r**2/2 - 3*r + 10. Give d(v).
-7
Let a(f) = 2*f**2 + 5*f - 6. Let c(b) = 0*b**2 - 5*b - b**2 - 1077 - 2*b**2 + 1084. Suppose -t + 6 = t. Let s(u) = t*c(u) + 4*a(u). Calculate s(5).
-3
Let s be (0 - -1) + 11*-1. Let c(t) be the first derivative of t**4/4 + 10*t**3/3 + t**2/2 + 13*t - 3791. Calculate c(s).
3
Let b(k) be the first derivative of 0*k**2 - 1/4*k**4 + 4/3*k**3 + k + 8. Give b(3).
10
Suppose 9 - 1 = -2*l. Let o be 4*(-2 + (-9)/l). Let s(i) be the third derivative of 3*i**5/20 - i**4/12 + i**3/6 - i**2. Determine s(o).
8
Let o be (-1)/((1 - 2)*(-5)/(-20)). Let w be (o/2)/(16/(-40)). Let n(j) = j**3 + 4*j**2 - 7*j - 6. Calculate n(w).
4
Let n be 3/(-7) + (-500536)/(-133). Let u(o) = o + 3763 - o**2 + 15*o**3 - n. Determine u(1).
15
Let c(m) = -m - 1. Let v(o) = -3*o - 10. Let h(g) = 6*c(g) - v(g). Let j = 39 - 107. Let x = 73 + j. Calculate h(x).
-11
Let w = -30 + 49. Let t be ((-4)/8*44)/(3 + -5). Let n = w - t. Let a(l) = l**3 - 7*l**2 - 8*l - 3. Calculate a(n).
-3
Suppose k = -2*v - 9, -2 = 3*v - 5*k + 18. Let t(l) = -7*l - 5. Let f(m) = -15*m - 11. Let x(p) = v*t(p) + 2*f(p). Let r = 24 - 26. Calculate x(r).
-7
Let n(y) = 3*y + 17. Let l be (-2340)/570 - 8/(-76). Give n(l).
5
Let t(y) be the third derivative of y**6/720 - y**5/30 - y**4/4 - 12*y**2. Let q(x) be the second derivative of t(x). Determine q(4).
0
Suppose -15*h + 11*h - 20 = 0. Let t(p) be the third derivative of -1/12*p**4 + 0*p - 2/3*p**3 + 0 - p**2. What is t(h)?
6
Let l(q) be the second derivative of -3*q**3/2 - 229*q. What is l(2)?
-18
Suppose 6*z + 2 = 14. Suppose -z*b + 4 = -4. Let j(l) = -52*l - 3*l**2 + 3 + l**3 + 28*l + 22*l. Calculate j(b).
11
Let z(g) = -6*g**2 + 2*g**2 + 3*g - 3 + 2*g**2. Suppose -k = -4*f + 47 - 69, -4*k + 5*f = -33. Calculate z(k).
-5
Let b(p) be the first derivative of 8*p - 1/2*p**2 + 5. Suppose 5*x - 35 = u - 5, -3*x + 26 = u. Determine b(x).
1
Let a(v) = -v**3 + 2*v**2 + 3*v - 2. Let d be 0 + (18/4)/(57/38). Give a(d).
-2
Let j(t) = -799*t - 14 - 800*t + 1598*t. What is j(-11)?
-3
Let d(r) = r**3 + 5*r**2 - 8*r - 5. Let g be d(-6). Let o be (-32)/g + 24/42. Let f(n) = 7*n**2 + 4*n + 0 + n**3 + 0 - 2*n**2 + 1. Give f(o).
1
Let f(z) be the third derivative of -1/6*z**4 - z**3 + 0 - 43*z**2 + 0*z + 1/60*z**5. Determine f(5).
-1
Let n be (-6 + 3)/(12/(-8)). Let q(z) = -20*z**3 + 3 + n + 19*z**3 - 6*z**2 + 2*z. Calculate q(-6).
-7
Let d be (-5)/15*23*-15. Suppose -2*i = 3*h - d, h + 4*i = -h + 74. Let m be 2/(-5) - h/15. Let x(r) = -r**2 - 3*r - 3. Determine x(m).
-3
Let r(i) = -4*i + 14. Let p(q) = 8*q - 25. Let k(v) = 3*p(v) + 5*r(v). What is k(6)?
19
Let q = -1 + 6. Suppose n + 24 = q*n. Let c(x) = -2*x + 3. Determine c(n).
-9
Let s(g) = -g. Let r(b) = -9*b + 3. Let j(x) = r(x) - 2*s(x). Let y(m) = m. Let l(p) = j(p) + 6*y(p). Let d be 4/5*30/4. Calculate l(d).
-3
Let b(d) = 0 - 1 - 5 + 3 + 3*d. Let g(m) = -3*m - 1. Let h be g(-7). Let w = h - 17. What is b(w)?
6
Let w(f) = -9*f + 2. Let h(g) = -g. Let z be (2/8)/((-2)/(-56)). Let q be (-8)/14*z/2. Let l be h(q). Calculate w(l).
-16
Let u(o) be the second derivative of o**4/12 - o**3/6 - 5*o**2/2 + 3*o. Let l be (56/49)/((-2)/(-7)). Suppose -l*t - 4 = 3*d, -4*d + 5*t = -26 - 10. Give u(d).
7
Let k be (16/10)/((-12)/(-30)). Let h(s) = -k*s + s + 2*s**2 + s + s. Give h(-1).
3
Let b(q) be the first derivative of q**3/3 - 3*q - 133. Calculate b(3).
6
Let j(y) = 3*y**3 - 2*y - 5*y**2 - y**3 - 3*y**3. Let t = 276 - 279. Calculate j(t).
-12
Let k(s) = -s**2 - 5*s - 4. Let a(d) = -13*d + 372. Let q be a(29). Give k(q).
-4
Let x(h) = h + 2. Let i = 0 + 4. Let f(y) = -y**3 + 3*y**2 + 5*y + 2. Let z be f(4). Suppose -q - 5*w = -z*q - 35, i*w = -5*q + 1. Determine x(q).
-1
Let y be 7/4 + (-2)/(-8). Suppose -40 = -3*u - u. Suppose -y*f + 0 + u = 0. Let s(c) = 2*c - 7. Give s(f).
3
Suppose 0 = -0*p - 2*p + 4*x + 16, -3 = x. Let z(f) = f**2 + 7*f + 2 + 4 + p. Give z(-7).
8
Let d(b) be the first derivative of b**3/3 + b**2 + 5*b - 85. Calculate d(-5).
20
Suppose -3*n = n + 4. Let h = 63 + -44. Let w(u) = 9*u - h*u + 9*u - 1. Determine w(n).
0
Suppose 2*p = 2*j + 3 + 3, -p + 5 = -3*j. Let w(x) = -x**3 - 2*x**2 - x. Let s(i) = -2*i**3 - 5*i**2 - 2*i + 1. Let a(d) = p*s(d) - 7*w(d). Give a(-2).
-12
Let p(a) be the first derivative of 0*a**3 + 1/2*a**2 - 1/4*a**4 + 0*a + 5. Determine p(2).
-6
Let r be ((-1)/3)/(1/(-9)). Let b(n) = -n**3 + 10*n**2 - n + 11. Let c be b(10). Let m(i) = -5*i**2 + 3*i**3 + i - 2*i**3 - c + 3*i**2. What is m(r)?
11
Let q(g) = -7*g**2 - 21*g - 21. Let z(x) = 3*x**2 + 10*x + 10. Let n(c) = 2*q(c) + 5*z(c). Give n(-9).
17
Let j(h) = 4*h. Let b be 1 + 1/(-2) + (-77)/(-22). Suppose -5*g = -3*l + 1, 4 = -b*g - 3*l + 7*l. Calculate j(g).
4
Let i(c) = c**3 + 4*c**2 - 6*c + 5. Suppose 4*y - 94 = 3*p, 30 = 5*y + 4*p - 103. Suppose -b + y = -6*b. Give i(b).
10
Let w(b) = 2*b - 3. Suppose -v + i = -0*i - 5, 4*v + 2*i + 10 = 0. Let u be 1 + v - 4 - (-6 + 0). Calculate w(u).
3
Let i(s) be the third derivative of s**4/24 - 8*s**3/3 - 55*s**2 + 1. Give i(19).
3
Let k(b) be the second derivative of b**5/20 - b**4/2 - 11*b**3/6 + 9*b**2/2 - 369*b. Determine k(7).
-19
Suppose 2*c - 15 = -3*c. Suppose 22 = 5*z - 3*l, -2*z + 16 = c*l - 6*l. Let x(j) be the second derivative of -j**4/6 + j**3/3 - j**2 + 7*j. What is x(z)?
-6
Let n(a) = -a - 1. Let j be 6*(14/(-21))/(-1). Give n(j).
-5
Let y = -374 + 550. Let o be 4/30 - y/(-30). Let j(a) = a**3 - 7*a**2 + 6*a - 9. Give j(o).
-9
Let q(b) = -b - 4. Suppose 2*l = -p + 5*p - 16, -3*p = 5*l + 14. Suppose -p*o - 77 = -61. Determine q(o).
4
Let v(r) = -r**2 - 8*r - 9. Suppose -2*f = 5*x - 0*x - 74, 4*f + 2*x - 148 = 0. Let g = f + -44. Determine v(g).
-2
Suppose -19 = -5*x - 5*u + 11, 5*x - 26 = -4*u. Let f be ((-2)/(-3))/(14/189). Let q(k) = f - k - 9 - 1 + 2*k**2. What is q(x)?
5
Let f(s) = -2*s - 1. Let b be ((-8)/(32/22) - -5)*-2. Give f(b).
-3
Let c(l) be the first derivative of 24 - 1/2*l**2 - 6*l. What is c(-6)?
0
Let l = 1077 + -1076. Let v(i) = -2*i**3 + i**2 + 2*i - 1. What is v(l)?
0
Let j(i) = -4*i - 1 - i**2 + i**3 + 3*i**2 + 6. Let z be 168/(-21)*(-2)/(-4). Give j(z).
-11
Let g(c) = c - 3. Let l(b) = 6*b - 28. Let v(z) = 18*g(z) - 2*l(z). Let y(q) = -q - 3. Let m be y(-4). Let k(n) = -n - 1. Let j be k(m). What is v(j)?
-10
Let a(o) = -1. Let k(z) = z + 1. Let x(c) = -3*a(c) + k(c). Let h be -8*(18/(-4) - -4). Suppose -h*p - 4*j - 4 = -2*p, -5*p + j - 32 = 0. Give x(p).
-2
Let b(r) be the third derivative of -1/120*r**6 + 0 + 0*r**4 + 13*r**2 - 1/3*r**3 + 0*r - 1/30*r**5. Give b(-2).
-2
Let n(u) = 6*u - 1. Let m(j) = -13*j - 14. Let p be m(-2). Let d be (-27)/33 + p/(-66). Calculate n(d).
-7
Let g be (0 + (-2)/(-4))*(33 - 29). Let p be (g - -2) + -1*3. Let r(x) = -15*x**3 + x**2. Calculate r(p).
-14
Let b(n) = -2*n**3 + 2*n. Let m(t) = 18 - 3*t + 7 - 6 + 1. Let z(l) = 2*l - 6. Let i be z(6). Let r be m(i). Determine b(r).
